 of 33 and 1023?
33
What is the highest common factor of 299 and 65?
13
Calculate the greatest common divisor of 20 and 370.
10
What is the greatest common factor of 2043 and 9?
9
What is the highest common factor of 10 and 4?
2
What is the greatest common divisor of 312 and 40?
8
Calculate the greatest common factor of 222 and 12.
6
Calculate the greatest common divisor of 637 and 65.
13
What is the highest common divisor of 594 and 12?
6
Calculate the highest common divisor of 1560 and 75.
15
What is the greatest common factor of 2484 and 1794?
138
What is the greatest common factor of 237 and 3?
3
Calculate the highest common divisor of 370 and 20.
10
Calculate the highest common factor of 74 and 1517.
37
What is the greatest common factor of 451 and 11?
11
What is the highest common factor of 36375 and 125?
125
What is the highest common factor of 4077 and 297?
27
Calculate the highest common factor of 143 and 33.
11
What is the greatest common divisor of 17 and 493?
17
What is the greatest common divisor of 264 and 462?
66
Calculate the greatest common factor of 166 and 5893.
83
Calculate the greatest common divisor of 32 and 2336.
32
What is the greatest common divisor of 288 and 352?
32
Calculate the highest common factor of 129 and 47128.
43
What is the highest common factor of 348 and 6003?
87
Calculate the highest common divisor of 3 and 1875.
3
Calculate the highest common divisor of 65 and 2041.
13
What is the highest common factor of 495 and 1035?
45
Calculate the highest common divisor of 63 and 2058.
21
Calculate the greatest common divisor of 24 and 1452.
12
What is the greatest common divisor of 14 and 1106?
14
Calculate the greatest common factor of 3 and 159.
3
What is the greatest common factor of 157 and 18997?
157
What is the highest common factor of 4 and 127?
1
What is the greatest common divisor of 1880 and 1645?
235
Calculate the highest common divisor of 585 and 117.
117
What is the greatest common divisor of 276 and 2484?
276
Calculate the greatest common divisor of 846 and 376.
94
What is the greatest common divisor of 1692 and 54?
18
What is the greatest common divisor of 24 and 2946?
6
What is the highest common divisor of 2523 and 6?
3
Calculate the highest common factor of 248 and 88.
8
What is the greatest common divisor of 20 and 460?
20
Calculate the greatest common factor of 25 and 65.
5
What is the greatest common factor of 22 and 1793?
11
Calculate the highest common factor of 4009 and 19.
19
What is the greatest common factor of 71737 and 23?
23
What is the highest common divisor of 232 and 87?
29
What is the highest common divisor of 12 and 48?
12
Calculate the greatest common divisor of 8 and 41224.
8
What is the greatest common divisor of 28 and 17?
1
What is the greatest common divisor of 5075 and 14?
7
Calculate the greatest common factor of 385 and 77.
77
What is the highest common divisor of 162 and 15822?
54
What is the greatest common divisor of 5 and 205?
5
What is the greatest common divisor of 869 and 1027?
79
Calculate the greatest common factor of 3210 and 30.
30
What is the greatest common divisor of 333 and 9?
9
What is the greatest common factor of 61 and 1037?
61
What is the highest common factor of 78 and 42?
6
What is the highest common divisor of 495 and 55?
55
What is the highest common divisor of 108 and 24?
12
Calculate the greatest common divisor of 7792 and 16.
16
What is the highest common factor of 10928 and 48?
16
What is the greatest common factor of 24 and 8412?
12
What is the greatest common factor of 66 and 198?
66
Calculate the greatest common divisor of 126 and 13482.
126
What is the greatest common divisor of 122 and 854?
122
What is the highest common divisor of 61 and 1769?
61
Calculate the greatest common factor of 512 and 352.
32
What is the highest common factor of 4117 and 23?
23
Calculate the highest common divisor of 162 and 5994.
162
Calculate the highest common factor of 6946 and 46.
46
What is the greatest common divisor of 130 and 182?
26
Calculate the highest common divisor of 13 and 2691.
13
What is the highest common divisor of 48 and 296?
8
What is the greatest common factor of 87 and 2784?
87
What is the highest common divisor of 15 and 360?
15
What is the greatest common divisor of 108 and 120?
12
Calculate the greatest common factor of 1512 and 42.
42
What is the greatest common divisor of 16 and 568?
8
What is the highest common factor of 193 and 63304?
193
What is the highest common factor of 12137 and 916?
229
Calculate the highest common factor of 380 and 304.
76
Calculate the highest common divisor of 2730 and 7350.
210
What is the highest common divisor of 98 and 14?
14
What is the greatest common divisor of 60 and 20?
20
What is the greatest common factor of 11205 and 830?
415
What is the highest common factor of 28 and 119?
7
Calculate the highest common factor of 6882 and 930.
186
What is the highest common factor of 296 and 925?
37
Calculate the greatest common factor of 78 and 338.
26
What is the highest common divisor of 28032 and 24?
24
Calculate the greatest common divisor of 676 and 468.
52
What is the greatest common divisor of 90 and 16110?
90
Calculate the greatest common divisor of 75 and 7725.
75
What is the greatest common factor of 9 and 144?
9
Calculate the greatest common divisor of 250 and 2290.
10
Calculate the highest common divisor of 1950 and 600.
150
Calculate the greatest common factor of 50 and 25.
25
What is the greatest common divisor of 25 and 225?
25
What is the highest common factor of 13974 and 510?
102
What is the highest common factor of 6 and 74?
2
What is the greatest common divisor of 1139 and 391?
17
What is the greatest common factor of 31 and 1054?
31
Calculate the highest common divisor of 51 and 816.
51
Calculate the highest common divisor of 182 and 462.
14
What is the highest common divisor of 18 and 1611?
9
What is the highest common divisor of 3171 and 168?
21
Calculate the greatest common factor of 833 and 2142.
119
Calculate the greatest common factor of 376 and 423.
47
Calculate the highest common factor of 472 and 1121.
59
Calculate the greatest common divisor of 1872 and 1222.
26
What is the highest common divisor of 95 and 275?
5
What is the greatest common divisor of 6348 and 60?
12
Calculate the highest common divisor of 140 and 44380.
140
Calculate the greatest common divisor of 6282 and 144.
18
Calculate the greatest common divisor of 53 and 4.
1
What is the highest common factor of 140 and 168?
28
Calculate the greatest common factor of 1116 and 72.
36
Calculate the greatest common divisor of 30 and 170.
10
Calculate the highest common factor of 14456 and 834.
278
What is the greatest common divisor of 12396 and 96?
12
Calculate the greatest common divisor of 648 and 351.
27
Calculate the highest common factor of 38 and 8.
2
Calculate the greatest common divisor of 319 and 88.
11
What is the greatest common factor of 22 and 35761?
11
What is the highest common divisor of 50 and 20?
10
What is the greatest common divisor of 1160 and 80?
40
What is the greatest common divisor of 12 and 4?
4
What is the highest common factor of 2945 and 855?
95
What is the highest common divisor of 208 and 400?
16
Calculate the greatest common divisor of 856 and 321.
107
What is the highest common factor of 141 and 376?
47
What is the highest common divisor of 144 and 3366?
18
Calculate the highest common factor of 38 and 6.
2
What is the highest common divisor of 2 and 2?
2
Calculate the greatest common divisor of 137 and 3.
1
Calculate the greatest common factor of 75 and 14.
1
What is the highest common divisor of 1024 and 64?
64
Calculate the greatest common factor of 572 and 176.
44
Calculate the greatest common factor of 7379 and 188.
47
What is the greatest common factor of 74 and 185?
37
Calculate the greatest common factor of 21285 and 231.
33
Calculate the greatest common divisor of 1009 and 1.
1
What is the highest common divisor of 7 and 28?
7
Calculate the highest common divisor of 64 and 1424.
16
Calculate the highest common divisor of 862 and 2.
2
Calculate the greatest common factor of 55 and 2563.
11
Calculate the greatest common factor of 288 and 192.
96
What is the greatest common div